*2 - 175*k - 4. Give f(-2).
6
Let d(k) = -432*k - 13830. Determine d(-32).
-6
Let h(j) = 299*j - 596. Determine h(2).
2
Let f(v) = 16*v**3 - 16*v**2 - 16*v + 1. Give f(-1).
-15
Let z(u) = u**3 - 30*u**2 - 795*u - 181. Calculate z(47).
7
Let k(j) = j**2 + 159*j + 6182. Give k(-66).
44
Let v(k) = -k**3 - 16*k**2 - 24*k + 25. Calculate v(-14).
-31
Let r(y) = -8*y**2 + 68*y + 461. Calculate r(13).
-7
Let p(l) = -5*l**2 + 24*l + 682. Give p(15).
-83
Let f(x) = 35*x**3 + 267*x**2 - 99*x + 46. Determine f(-8).
6
Let g(j) = -62*j**3 + 186*j**2 - 11*j + 26. What is g(3)?
-7
Let f(d) = 2*d**2 - 25*d - 324. What is f(21)?
33
Let j(y) = y**2 - 102*y + 1274. What is j(87)?
-31
Let m(j) = 36*j + 48. Calculate m(3).
156
Let w(p) = -p**3 - 18*p**2 - 76*p + 9. Give w(-7).
2
Let s(k) = 885*k + 9731. What is s(-11)?
-4
Let u(b) = -2*b**3 + 120*b**2 + 513*b - 60. Give u(64).
4
Let l(x) = 8*x**2 - 448*x + 10. What is l(56)?
10
Let k(l) = 10*l - 278. Give k(-19).
-468
Let k(w) = -28*w**3 + 3*w**2 - 10*w + 7. Calculate k(1).
-28
Let n(a) = 15*a**2 - 70*a - 143. What is n(-2)?
57
Let m(h) = -h**3 + 38*h**2 + 45*h - 44. Determine m(39).
190
Let u(c) = 5*c + 23. What is u(24)?
143
Let b(l) = -473*l + 15141. Give b(32).
5
Let p(o) = 8*o**2 - 4*o - 7. Calculate p(4).
105
Let a(b) = b**2 - 215*b + 839. What is a(4)?
-5
Let a(h) = 16*h - 70. Determine a(7).
42
Let g(r) = -3*r**3 + 102*r**2 + 4*r - 140. Calculate g(34).
-4
Let v(z) = 311*z - 2580. Give v(9).
219
Let t(i) = 1536*i - 10794. Give t(7).
-42
Let t(r) = 188*r + 1605. Calculate t(-10).
-275
Let a(q) = -415*q + 6242. What is a(15)?
17
Let c(d) = d**3 + 32*d**2 - 45*d - 300. What is c(-33)?
96
Let a(y) = -y**3 + 40*y**2 - 40*y + 8. What is a(39)?
-31
Let d(h) = 2*h**3 - 36*h**2 + 158*h - 25. Calculate d(11).
19
Let q(g) = 2*g**2 + 46*g - 735. Calculate q(11).
13
Let a(k) = 3*k**2 - 26*k - 10. Give a(9).
-1
Let j(g) = g**2 - 13*g - 4. Calculate j(10).
-34
Let t(m) = m**2 + 72*m - 216. Calculate t(-75).
9
Let c(i) = 2*i**2 - 171*i + 691. Determine c(4).
39
Let l(n) = -651*n - 2. Calculate l(0).
-2
Let j(g) = g**3 - 19*g**2 + 26*g - 135. Calculate j(18).
9
Let f(n) = -n**3 + 4*n**2 + 8*n - 11. Determine f(2).
13
Let x(h) = 10*h**2 + 135*h + 79. What is x(-13)?
14
Let h(a) = a**3 + 15*a**2 - 52*a + 49. What is h(-18)?
13
Let d(v) = -v**3 - 20*v**2 - 91*v - 7. What is d(-13)?
-7
Let o(s) = -2*s**2 + 226*s - 5789. What is o(73)?
51
Let z(j) = 2*j**3 - 2*j - 16. Determine z(-4).
-136
Let y(g) = 21*g**2 - 903*g + 12. Determine y(43).
12
Let m(t) = -t**3 + 4*t**2 + 152*t - 704. Give m(12).
-32
Let f(b) = 18*b - 21. Determine f(2).
15
Let i(n) = 2*n**2 + 92*n + 49. Give i(-45).
-41
Let b(z) = -z**3 + 14*z**2 - 39*z - 43. What is b(5)?
-13
Let n(y) = -y**2 - 7842*y + 47083. Calculate n(6).
-5
Let y(o) = -2*o**3 - 65*o**2 - 87*o + 32. What is y(-31)?
-154
Let y(g) = 121*g - 2915. Give y(24).
-11
Let v(z) = -1164*z - 4643. Determine v(-4).
13
Let f(l) = l**3 - 76*l**2 + 51*l + 1757. Calculate f(75).
-43
Let k(x) = -2*x**2 + 8*x + 907. Calculate k(27).
-335
Let i(y) = -y**2 + 41*y + 1114. What is i(-21)?
-188
Let h(s) = 8*s**2 - 8*s - 14. Give h(-2).
34
Let o(q) = 24*q + 39. Calculate o(-25).
-561
Let z(b) = b**3 - 26*b**2 + 112*b - 3759. Give z(27).
-6
Let o(n) = 5*n**2 + 406*n - 335. Give o(-82).
-7
Let h(d) = 5*d**2 - 16676*d - 16675. Give h(-1).
6
Let z(u) = -u**2 - 52*u - 208. Calculate z(-52).
-208
Let d(f) = 14*f**3 + 11*f**2 + 11*f - 1. What is d(-1)?
-15
Let k(x) = x**3 + 50*x**2 - 1678*x - 31. What is k(23)?
-8
Let o(p) = 245*p**2 - 1708*p - 61. Determine o(7).
-12
Let a(l) = -7*l - 102. Determine a(-19).
31
Let s(n) = 1191*n - 29765. Determine s(25).
10
Let x(f) = -f**3 + 14*f**2 + 36*f - 60. Determine x(16).
4
Let q(j) = -427*j + 1637. Determine q(4).
-71
Let z(m) = -248*m - 745. Determine z(-3).
-1
Let y(d) = -15*d**3 - 219*d**2 - 120*d + 89. Give y(-14).
5
Let g(j) = j**3 - 14*j**2 - 32*j + 3. Calculate g(16).
3
Let u(p) = -4*p**3 - 4*p**2 + 81*p + 576. Give u(-6).
810
Let v(x) = 3*x**2 + 85*x - 723. Give v(7).
19
Let d(b) = -b**2 - 20*b - 189. What is d(-15)?
-114
Let d(c) = -2*c**3 - 105*c**2 + 161*c - 51. Calculate d(-54).
3
Let q(v) = -20*v**2 - 549*v - 57. What is q(-27)?
186
Let p(s) = -2*s**3 - s**2 - 6*s + 5. Calculate p(2).
-27
Let q(i) = -5*i**2 + 20*i + 152. Calculate q(8).
-8
Let n(u) = u**3 - 57*u**2 + 305*u + 18. What is n(6)?
12
Let j(g) = -g**2 - 4*g + 232. Calculate j(-18).
-20
Let s(j) = j**2 + 9*j + 4. Calculate s(-10).
14
Let r(b) = b**2 + 36*b + 188. Calculate r(-25).
-87
Let i(x) = -38*x + 38. Give i(9).
-304
Let n(x) = -x**3 - 72*x**2 - 10*x - 753. Give n(-72).
-33
Let i(b) = -2*b**3 - 53*b**2 + 25*b - 25. What is i(-27)?
29
Let f(j) = -j**2 + 18*j + 359. What is f(-12)?
-1
Let d(j) = 19*j + 218. What is d(-12)?
-10
Let c(k) = -2*k**2 + 251*k - 7688. Give c(71).
51
Let n(m) = 7*m**3 - 38*m**2 + 6*m + 18. Calculate n(5).
-27
Let o(m) = -196*m**2 - 980*m + 9. Give o(-5).
9
Let k(f) = -f**3 - 52*f**2 - 103*f - 156. Determine k(-50).
-6
Let h(y) = -55*y**3 - 19*y**2 - 15*y - 14. Give h(-1).
37
Let w(t) = 660*t - 2627. Give w(4).
13
Let k(u) = 14*u**2 + 42*u - 4. Give k(-3).
-4
Let g(l) = 70*l**2 + 23*l - 23. Determine g(1).
70
Let g(f) = -30*f + 77. Determine g(4).
-43
Let k(n) = 11*n**2 - 835*n - 3585. What is k(80)?
15
Let p(g) = 4*g**2 - 145*g + 1341. What is p(18)?
27
Let z(y) = 142*y - 9661. Calculate z(68).
-5
Let i(x) = 163*x + 5879. Calculate i(-37).
-152
Let o(n) = 60*n**2 - 362*n + 7. Calculate o(6).
-5
Let k(b) = -2*b**2 - 430*b + 12. Give k(0).
12
Let f(n) = -2*n**2 - 47*n + 294. Calculate f(7).
-133
Let t(x) = 5*x**3 - 241*x**2 + 29*x + 941. Give t(48).
29
Let k(d) = -8*d - 99. Determine k(-4).
-67
Let n(x) = -x**3 - x**2 - 9*x + 15. Give n(-5).
160
Let b(l) = -l**3 - 15*l**2 - 10*l - 27. Calculate b(-14).
-83
Let q(d) = -252*d + 2490. Give q(10).
-30
Let b(w) = -22*w + 1184. Give b(54).
-4
Let j(p) = -2*p**3 + 61*p**2 + 69*p + 857. What is j(32)?
-7
Let a(j) = j**3 - 33*j**2 + 231*j - 1274. What is a(26)?
0
Let a(k) = -177*k - 201. Give a(-1).
-24
Let i(h) = -72*h**2 - 25*h - 39. Calculate i(-3).
-612
Let f(u) = u**3 - 7*u**2 - 844*u + 6701. Give f(8).
13
Let s(b) = b**3 + 3*b**2 - 66*b + 5. Calculate s(-6).
293
Let z(a) = -118*a - 824. What is z(-7)?
2
Let t(c) = 145*c**2 - 71*c - 2. Give t(-1).
214
Let s(v) = v**3 - 10*v**2 + 9*v + 17. Calculate s(7).
-67
Let v(i) = -i**3 + 4*i**2 - 8*i + 29. Give v(4).
-3
Let w(f) = -10*f + 1064. Give w(102).
44
Let f(w) = w**2 + 87*w + 1041. Determine f(-15).
-39
Let w(f) = f**3 + 117*f**2 - 1403*f + 685. What is w(-128)?
45
Let u(d) = -3*d**3 + 287*d**2 - 179*d - 1041. Determine u(95).
4
Let r(v) = v**3 + 7*v**2 - 7*v - 42. Determine r(-7).
7
Let l(g) = 11*g**2 - 50*g + 23. Determine l(3).
-28
Let d(z) = z**3 - 18*z**2 + 40*z - 6. Give d(14).
-230
Let w(g) = g**3 + 190*g**2 + 383*g + 36661. Calculate w(-189).
-5
Let h(q) = q**3 + 73*q**2 - 225*q + 180. What is h(-76)?
-48
Let s(x) = x**2 - x - 14. Give s(-3).
-2
Let h(q) = 3*q**2 + 253*q - 1231. What is h(-89)?
15
Let v(i) = 7*i**2 + 49*i - 231. Determine v(5).
189
Let d(m) = -2*m**3 + 37*m**2 + 1480*m + 88. What is d(38)?
12
Let d(b) = b**2 - 199*b - 759. Determine d(-4).
53
Let d(g) = g**3 + 10*g**2 - 93*g + 41. Give d(-16).
-7
Let w(i) = i**3 + 3*i**2 - 24*i - 53. Determine w(-2).
-1
Let b(t) = 969*t + 5743. Calculate b(-6).
-71
Let f(c) = -53*c + 90. What is f(5)?
-175
Let r(z) = -11*z + 282. Calculate r(20).
62
Let n(j) = j**3 + 48*j**2 + 143*j + 385. Give n(-45).
25
Let l(m) = 303*m - 3337. Calculate l(11).
-4
Let p(v) = 4*v**2 + 3*v - 7. Give p(2).
15
Let m(v) = v**3 + 111*v**2 + 2*v + 396. Determine m(-111).
174
Let n(c) = -3*c**3 - 357*c**2 - 1702*c + 43. What is n(-5)?
3
Let q(m) = -29*m - 299. Determine q(-10).
-9
Let k(t) = 12*t + 72. Calculate k(-9).
-36
Let u(s) = -14*s + 824. Calculate u(59).
-2
Let v(p) = -366*p - 746. Determine v(-2).
-14
Let c(t) = -2*t**2 + 36*t + 181. Calculate c(22).
5
Let g(v) = -17*v**2 + 256*v - 26. Determine g(15).
-11
Let w(x) = -x**3 - 17*x**2 - 83*x - 85. Calculate w(-8).
3
Let q(v) = 3*v**2 + 96*v + 253. Give q(-29).
-8
Let c(i) = -i**3 - 2*i**2 + i + 8. Determine c(0).
8
Let f(k) = -16*k**2 + 43*k + 5. Determine f(-1).
-54
Let k(u) = -5*u - 197